 = 25*z + 13. Let r(f) = -9*k(f) - 2*m(f). Let u be r(-2). Let x(d) = -d**2 - 5*d + 10. What is x(u)?
-4
Let v(t) = -31*t**2 + 7*t - 1. Let z(w) = w + 346 - 346 - w**2. Let u(h) = v(h) - 6*z(h). What is u(1)?
-25
Suppose 9*q = 4*q. Let t be 2 + (q - (-2 + 3)). Let c(r) = -5*r**2 + 2*r + 3. Let j(i) = -10*i**2 + 5*i + 7. Let f(x) = 5*c(x) - 2*j(x). Determine f(t).
-4
Let q(s) be the third derivative of -s**5/60 - 13*s**4/24 - s**3/2 + 3*s**2 + 22*s. What is q(-9)?
33
Let n(u) = -7*u + 48. Suppose 106*d = 97*d + 54. Calculate n(d).
6
Let w = -11 - -14. Suppose 5*d - w*a = 25, -3*d + 16 = -0*d - 2*a. Let u(j) = -d*j - j + 13 - 6 + 2*j. Calculate u(5).
2
Let g(n) be the second derivative of 0*n**3 + 0 - n - 1/6*n**4 + 0*n**2 - 1/360*n**6 + 1/120*n**5. Let d(k) be the third derivative of g(k). Give d(3).
-5
Suppose -252 = -18*z - 18*z. Let b(d) be the third derivative of -z*d**2 + 0 + 0*d + 5/24*d**4 - 1/60*d**5 - 1/2*d**3. Give b(5).
-3
Let y(i) = i**3 + 3*i**2 - i + 5. Let z = -66 - -86. Suppose -3*p = -5*d - z, -2*d - p + 4 = -3*d. What is y(d)?
-7
Suppose -3*y - 6 + 16 = -h, -5*y = -4*h - 12. Let j(r) be the first derivative of -5*r + 1/4*r**4 + 4/3*r**3 - r**h + 1. Calculate j(-4).
3
Suppose -4*u + 20 = 3*o, 12*o = 17*o + 5*u - 30. Let z(p) = -2*p**3 + 6*p**2 - 5*p + 4. What is z(o)?
-48
Let s = 136 + -136. Let f(i) be the third derivative of -1/15*i**6 + 0*i + s + 0*i**5 - 2*i**2 + 0*i**4 + 0*i**3. Determine f(-1).
8
Suppose 2*c - 5*c + 5 = 4*o, 4*c + o + 15 = 0. Let f(d) = 4*d + 3. Let j(h) = -h. Let r(v) = f(v) + 3*j(v). What is r(c)?
-2
Let a(r) be the second derivative of 10*r - 4/3*r**3 + 0 + 1/12*r**4 + 5*r**2. Determine a(7).
3
Let l(d) = 3*d + 20*d**2 - d - 46*d**2 - 4*d + 18*d**2. Give l(1).
-10
Let u(f) be the second derivative of -7/2*f**2 - 1/12*f**4 + 7/6*f**3 + 0 + 10*f. Give u(6).
-1
Let m(u) = u**3 - 8*u**2 + 9*u - 6. Let q = -64 - -72. Suppose 0 = -w + 2*j + q, -w - j = -3*w + 13. What is m(w)?
-24
Let c = -14 + 22. Let v be (c + -2 + 1)/1. Let f(r) = 10 - 16*r**2 + 23*r**2 + 0 - r**3 - 2. Determine f(v).
8
Let g(r) = -22*r - 4. Let v(d) = -27*d - 5. Let z(n) = -5*g(n) + 4*v(n). What is z(5)?
10
Let a(k) be the first derivative of -5*k**4/4 - 2*k**3/3 - k**2 - k + 215. What is a(-1)?
4
Let t(i) = -i**3 - 6*i**2 - 4*i + 6. Let p(v) = 2*v**2 + 29*v - 20. Let r be p(-15). Give t(r).
1
Let f(v) = 22*v**3 + 2*v + 2. Let w = 2156 - 2157. Calculate f(w).
-22
Suppose 0 = 2*p + 4*x - 72, -p = -x + 2*x - 32. Suppose -4*t + 0 = p. Let d = t + 5. Let b(u) = u**2 - 2*u - 2. Determine b(d).
6
Let l be -9 + 5 - 6*-1. Let f(q) = -2*q**3 - 4*q + q**3 + 4*q - q - 3*q**l - 1. What is f(-2)?
-3
Let z(r) = -r**2 - 6*r - 2. Let f(k) = -k + 3. Let t(a) = -2*f(a) + 2*z(a). Calculate t(-8).
-58
Let q(m) = -7*m - 6. Let t(x) = -x**3 + 14*x**2 - 2*x + 24. Suppose 5*d - 101 = -31. Let u be t(d). Calculate q(u).
22
Let b(i) = -78*i + 39*i - 8 + 36*i. Let w be (-5)/((-5)/2) - 14. Let v = 6 + w. Give b(v).
10
Let u be (-1)/(-3) + (-8)/6. Let j(f) = -f - 4*f - f + 5*f - 2*f**2. Determine j(u).
-1
Let z(b) be the third derivative of -b**8/20160 + b**7/2520 + b**6/360 - b**5/10 - 19*b**2. Let v(t) be the third derivative of z(t). Calculate v(-3).
-13
Let p(s) be the second derivative of -4*s + 5/6*s**3 + 1/20*s**5 + 5/12*s**4 + 0*s**2 + 0. Determine p(-4).
-4
Let a(t) = -7*t**2 + 15*t - 26. Let l(o) = 4*o**2 - 8*o + 17. Let m(v) = 3*a(v) + 5*l(v). Give m(-2).
-7
Let r(s) = -1 - 2 + 5 - 5 - s**3 + 5*s**2 + 7*s. What is r(6)?
3
Let j be 2*(0/(-3) + 1). Suppose -3*c = -2*g + 77, -7*c + j*c - 3*g = 103. Let w = c + 17. Let h(b) = -b**3 - 6*b**2 - b + 5. What is h(w)?
11
Let d(l) = l**3 + 5*l**2 - 12*l + 8. Let m be -2*3 + 10 + -11. Determine d(m).
-6
Let y(i) = -3*i - 9*i**2 - 5*i + 4 - 1 + 10*i**2 + 3. What is y(6)?
-6
Let s(q) = -190*q - 33*q - 12 + 229*q. Calculate s(2).
0
Let g(i) = -i + 11. Let s be (-80)/48*(-18)/5*2. Determine g(s).
-1
Let q(y) = -4*y - 9. Let t be 1/4 + (-75)/12. Give q(t).
15
Suppose 0 = -u - a + 2 - 14, -a - 48 = 5*u. Let k(s) = -7*s - 20. Let w(g) = -3*g - 10. Let q(c) = u*w(c) + 4*k(c). Let x be -28*(-12)/4*1/12. What is q(x)?
3
Let q(i) = -i**3 + 12*i**2 - i + 10. Let w be (13 + 1)*84/98. Determine q(w).
-2
Let m(n) = -n**3 + 6*n**2 - 7*n - 42 - 42 + 13*n + 87. What is m(7)?
-4
Let a(v) = -v**3 - 3*v**2 - 5*v - 4. Let b be a(-4). Let p = b + -38. Let k(y) = 3*y + 3. Let z(o) = -5*o - 5. Let c(m) = 7*k(m) + 4*z(m). What is c(p)?
-5
Let w be (1/2)/((-1)/(-10)). Suppose -u - 3 = 0, w*i = i - 2*u + 2. Suppose -26 = -3*v - i*j, j + 4 = 2*j. Let r(q) = -q**2 + 5*q - 1. What is r(v)?
-7
Let m(i) = -i**3 - 3*i**2 + i + 68. Let s be m(0). Let l(d) = 137 - s + 0*d + d - 63. Calculate l(-7).
-1
Suppose 5*m = 16*m + 55. Let q be (25/(-35))/m - 12/(-14). Let f(v) = 7*v**2 + 1. Determine f(q).
8
Let k(a) = -a + 12. Let m = -131 - -134. What is k(m)?
9
Let s(p) = p - 1. Let z be s(2). Let y(k) be the first derivative of -k**3/3 + k**2/2 - k - 2471. Calculate y(z).
-1
Let y(x) = x**2 - 9*x + 12. Suppose -3*m = -3, 5*a - 9*m + 7*m = 28. Determine y(a).
-6
Let s(k) = -8*k**2 + 1. Suppose 5*u = -10, -u = 5*i - 87 + 84. Give s(i).
-7
Let r(d) = -7*d + 2. Let q(y) = -6*y + 3. Let u(t) = -6*q(t) + 5*r(t). Let g = -26 - -30. Calculate u(g).
-4
Let c(b) = b**2 - 7*b - 12. Let o be c(9). Let i be o/(-9)*9 - (-2 + 2). Let v(h) = h + 1. Determine v(i).
-5
Let w(b) be the second derivative of -23*b**3/6 - b**2 + 305*b. Calculate w(1).
-25
Let u(k) be the first derivative of 1/4*k**4 + 1/2*k**2 - 7/3*k**3 - 3*k + 15. Suppose -d + 6 = -y, -2 = -2*y - 0. Give u(d).
4
Let n(y) = 4*y + 75. Let j be n(-20). Let w(a) = -a**3 - 7*a**2 - 10*a + 5. Calculate w(j).
5
Let v(u) = -u**3 + 14*u**2 + 24*u - 327. Let w be v(14). Let h(k) = k**3 - 8*k**2 - 9*k + 3. Give h(w).
3
Let j = -129 - -122. Let p(o) be the first derivative of -o**3/3 - 9*o**2/2 - 8*o + 4. Give p(j).
6
Let a(q) = 6*q - 2. Let v be (28/(-5))/(58/145). Let x(i) = 3*i - 1. Let t(z) = v*x(z) + 6*a(z). Determine t(-2).
14
Let a(j) = -j**3 - 13*j**2 + 13*j - 1. Let t(s) = s**3 + 47*s**2 + 131*s - 58. Let o be t(-44). Determine a(o).
13
Let m(y) = -y + 9. Let j = 2874 + -2865. Calculate m(j).
0
Let f(x) = -x**3 - 4*x**2 - 2*x + 3. Let s be f(-3). Let z be (1*(s - 1))/(-1). Let p(m) = 2*m - m - m**2 - 4*m**3 - 4*m**3 + z. Determine p(-1).
7
Let g(b) be the third derivative of -b**4/8 + b**3/6 - 19*b**2 + 2*b. Let q(f) = -f**3 - f**2 - 1. Let m be q(0). What is g(m)?
4
Let a(k) = k**2 - k + 1. Let c be (5/15)/(1/(-3)) - -3. Determine a(c).
3
Let u(g) = 5*g**2. Let o(r) be the third derivative of r**5/60 - 5*r**4/12 + 4*r**3/3 + 19*r**2. Let p be o(9). Calculate u(p).
5
Let o(q) = 4*q**3 + 6*q**2 + 3*q. Let m(z) = 9*z**3 + 13*z**2 + 7*z - 1. Let g(x) = -3*m(x) + 7*o(x). Determine g(-3).
3
Let p(y) = -14*y - 6. Let h(k) = k + 1. Let m(j) = 12*h(j) + p(j). Let l be ((-30)/25)/(3/15). Let t be 33/6 + 3/l. Determine m(t).
-4
Let v(g) = 2*g**2 - 3*g**2 - 17*g + 0*g**2 + 6*g + 10. Calculate v(-12).
-2
Let b(f) = -f**2 + 8*f - 14. Let q be 36/15*((-50)/(-4))/5. What is b(q)?
-2
Let q(b) = -b**3 - 2*b**2 + 3*b + 2. Suppose -4*j = -5*j. Suppose j = -5*h + 5. Suppose 0 = z + 4 - h. Calculate q(z).
2
Suppose -i - 2 = -4*y, 2*i = -2*i + 8. Let c(v) = y - 5*v**3 - 1 - 3*v**3 - 1. Give c(-1).
7
Let w(i) = i. Let v be (-2)/(-31) + 1189/1271. Give w(v).
1
Let m be 4/(-10)*(4 - 19). Let d(g) = 8 - 99*g**2 - g**3 + m*g + 95*g**2 - 2. Give d(-4).
-18
Let j(o) = -o**3 - 2*o + 5*o + 5*o**2 + 2*o. Suppose 3*x - 7 = 5, -2*g - 3*x = -54. Let r be ((-18)/g)/(2/(-14)). Determine j(r).
-6
Let s = 15 + -11. Suppose z + q - s*q = 30, -4*z + 4*q = -120. Suppose -2*x + 7*x - z = 0. Let t(p) = p - 10. What is t(x)?
-4
Let j(y) = 3*y**2 + 6*y + 5. Let c be j(7). Let n(u) = 194 - c - u + 10*u**2. What is n(1)?
9
Let y(q) = -5*q**2 - 2*q - 2. Suppose 16*z = -119 + 87. Calculate y(z).
-18
Let z be (-4 - 30/(-5)) + 0 + 0. Let u(d) = 4 + 15*d - d**z - 6*d + 2 - 11. Give u(6).
13
Let g(w) = w**2 - 6*w + 5. Suppose -5*h - 5*t = -9*t - 22, 5*h = t + 28. Calculate g(h).
5
Suppose -30*o + 28 = -23*o. Let x be 2/(-4)*(1 + -1). Suppose -o*f + x*f = -4. Let r(p) = -3*p + 1. Determine r(f).
-2
Let o(p) = -p**3 - 5*p**2 + 14*p + 17. Suppose -3*r = -u - 7, -